0*p + 10. Let k(c) = -7*a(c) - 2*v(c). Suppose 68*h - 67*h + 2 = 0. Calculate k(h).
-13
Suppose 5*i - 2*l + 60 = 0, 5*i + 2*l + 352 = 312. Let j(k) = 6*k + 34. Determine j(i).
-26
Let s(y) be the third derivative of y**4/24 - 9*y**3/2 - 727*y**2. Let j be -5*(48/5)/(-4). Calculate s(j).
-15
Let n(r) = r**3 + 50*r**2 + 606*r - 65. Let p be n(-21). Let j(v) = -11*v**2 - 5*v + 1. Let h(b) = -12*b**2 - 6*b + 1. Let o(t) = 6*h(t) - 7*j(t). What is o(p)?
21
Let c(y) = -95*y - 4755. Let q be c(-50). Let o(s) = -s**3 - 4*s**2 + 8*s + 13. Give o(q).
-2
Let z(t) = -t**2 + t. Let l be (-2773)/(-15) + 13/((-1170)/(-12)). Let j = 186 - l. Calculate z(j).
0
Let h(q) = 7*q - 8. Let c(r) = 23*r - 41. Let u(z) = 12*z - 20. Let g(n) = 3*c(n) - 7*u(n). Let w(m) = -6*g(m) - 13*h(m). Determine w(3).
-1
Let w be (5/6*4)/((-4)/(-6)). Let l(t) = 2*t + 8. Let s(n) = -2*n - 10. Let c(d) = w*l(d) + 4*s(d). What is c(-2)?
-4
Let o = -5860 - -5854. Let t(m) = 7*m + 7. Let c(f) = 6*f + 7. Let l(r) = 5*c(r) - 4*t(r). Give l(o).
-5
Let y(a) be the second derivative of 0 + 1/6*a**3 + 1/60*a**5 + 21*a - 1/2*a**2 + 5/24*a**4. Let q(m) be the first derivative of y(m). Determine q(-4).
-3
Let n = 1459 + -2077. Let b = 617 + n. Let y(f) = 7*f. Calculate y(b).
-7
Let l(f) = -25*f**2 - 40*f - 50. Let x(u) = -2*u**2 - u + 1. Let k(i) = -l(i) + 13*x(i). What is k(29)?
5
Let l(f) = -f - 3. Let r = -113 + 65. Let n = r - -55. Suppose -n*p - 56 = -7. Determine l(p).
4
Let r(f) = f + 11 - 19 - 17. Suppose -10*s - 777 = -47*s. Let k be r(s). Let m(n) = -2*n + 4. What is m(k)?
12
Let w(i) = -14*i**3 + 2*i**2 + 2*i + 1. Suppose -5 = -188*l + 193*l. Give w(l).
15
Let l(f) = f**3 + 36*f**2 + 2*f + 78. Suppose -3*z + 120 = -6*z - 4*o, 0 = z - 5*o + 21. What is l(z)?
6
Let x(h) = -4*h - 3. Let i(f) = -1. Let k(q) = 3*i(q) - x(q). Let a(j) = -j**3 + 3*j**2 + 18*j - 6. Let y be a(0). Determine k(y).
-24
Let v(o) = 3*o + 14. Let n(s) = s**2 + 43*s - 1997. Let r be n(28). What is v(r)?
-13
Let v(m) = -5*m + 51. Suppose 583 - 47 = 67*k. Give v(k).
11
Let p = -3815 - -3837. Let o be 0/(-2 - (-1 + 0)). Suppose -5*m + 3*m + 5*z + 16 = 0, o = 4*m - 5*z - p. Let u(r) = -r**3 + 4*r**2 - 4*r + 4. Give u(m).
1
Let z be (-1 - -10) + (-216)/48 + 2/(-4). Let d(l) = -3*l - 15. Give d(z).
-27
Let h = -70 + 117. Let x be (-42)/12*(-540)/35. Let k = h - x. Let p(n) = n**3 + 7*n**2 + 3. What is p(k)?
3
Let p(z) = z**2 + 2. Let s(a) = 5*a**2 - 18*a + 36. Let r(v) = -4*p(v) + s(v). Determine r(17).
11
Let l = -41 + 41. Let j(y) be the first derivative of -y**4/4 + y**2 - 2*y + 3122. Determine j(l).
-2
Let t(l) be the first derivative of -l**4/4 - 17*l**3/3 - 15*l**2/2 + 17*l - 1755. Calculate t(-16).
1
Suppose -l = l + 12. Let g be (1 + (-3)/15)*5/2. Let a(d) = -102*d**2 + 59*d**2 - 9*d + 42*d**g - 5. What is a(l)?
13
Suppose 77*i + 335 = 72*i. Let d = 69 + i. Let r(o) = -o**2 - 3 + 480*o + 11*o**2 - d*o**2 - 488*o - o**3. What is r(6)?
21
Suppose 0 = -146*w - 85*w - 12*w - 69*w. Let q(a) be the first derivative of -a**3/3 - a - 1. Determine q(w).
-1
Let z = 2 + -5. Let p(g) be the first derivative of g**3/3 - g**2/2 + 261*g - 232. Let l(i) be the first derivative of p(i). What is l(z)?
-7
Suppose 3*j = -3*h - 0 + 12, 4 = j - h. Let b(f) = -3 - 19*f**2 + j - 172*f + 170*f. Give b(1).
-20
Let z = 4124 + -4133. Let k(v) = -2*v + 6. Determine k(z).
24
Let t(c) be the first derivative of 5*c**2 + 35*c - 709. Give t(-7).
-35
Let x(z) = 6*z + 21. Let m(j) = 5*j + 17. Let f(s) = -4*m(s) + 3*x(s). What is f(-10)?
15
Let h(g) = -209*g - 54. Let z(c) = -47*c - 14. Let f(a) = -2*h(a) + 9*z(a). What is f(-3)?
-3
Let y(d) = -1328*d**2 - 20*d - 41. Let k(g) = 531*g**2 + 10*g + 21. Let t(i) = -5*k(i) - 2*y(i). Determine t(16).
73
Let r = 9345 + -9359. Let i(v) = 99*v + 1387. Determine i(r).
1
Let t(r) = r - 29. Let d = 2944 + -2936. Calculate t(d).
-21
Let w(t) = -t**2 - 35*t - 293. Suppose -17*u - 311*u - 4920 = 0. Calculate w(u).
7
Let u(o) = 5*o**2 - 9*o - 9. Let p(j) = 4*j**2 - 9*j - 10. Suppose 413*t - 27 = 422*t. Let q(r) = t*u(r) + 4*p(r). Calculate q(10).
-3
Let u(g) = -g**3 - 48*g**2 + 151*g - 96. Let v be u(-51). Let x(h) = 2*h - 18. Calculate x(v).
-6
Suppose -6*v + 12 = -0. Let p(c) = -2*c**2 - v*c**2 - 3*c**2 + 7*c**2 + 8*c + c**2 + 1. What is p(-6)?
-11
Let t(f) = -2*f - 18. Suppose -3*j + 1 = 28. Let l be t(j). Suppose -5*r + 20 = -0*r, l = 4*d + 2*r + 4. Let b(x) = -x**3 - x**2 - x - 4. What is b(d)?
17
Let a(p) = p - 4*p - p**2 - 2*p + 9 - 7*p. Let v be (-312)/4680 - 388/30. What is a(v)?
-4
Let w(c) = 2*c - 1. Let b(j) = -j**2 + 10*j - 23. Let l be b(4). Let a(i) = -2*i**3 + 2*i**2 + 3*i + 1. Let o(h) = l*a(h) - w(h). What is o(2)?
-4
Let z(h) be the second derivative of -h**3/6 + h**2/2 - 4*h. Suppose 0 = -5*f + 5 - 15. Let i(k) = 8*k - 7. Let u(n) = f*i(n) - 14*z(n). What is u(5)?
-10
Suppose 21*t + 223 = 2*t + 128. Let n(b) = 9*b + 40. Determine n(t).
-5
Let p(y) = 67*y - 12. Let k(d) = 368*d - 61. Let q(h) = 4*k(h) - 22*p(h). Determine q(11).
-2
Let p(c) = c**3 - 8*c - 10. Suppose -12*y + 2*y - 28*y = 0. Determine p(y).
-10
Suppose 21*y - 60 = 6*y. Suppose 52 = 8*x - y*x. Let j(u) = -u**3 + 14*u**2 - 14*u + 18. Give j(x).
5
Let l(d) be the second derivative of d**6/120 + d**4/24 + 65*d**2/2 + 33*d. Let x(j) be the first derivative of l(j). Determine x(-2).
-10
Let z(a) = 3*a**3 + 46*a**2 - 26. Let y(l) = -4*l**3 - 62*l**2 + 35. Let s(q) = -8*y(q) - 11*z(q). Let b(d) = -4*d + 6. Let u be b(4). Give s(u).
6
Let h(j) = -j + 1. Let u be h(1). Let p be (u - -2)/(1/3). Let w(x) = -4 + 173*x - 330*x + 160*x + 1 + 3. Give w(p).
18
Let t(j) = 12*j + 1. Let y(w) = -24*w - 2. Let v(c) = 9*t(c) + 4*y(c). Suppose 24 = 3*r, -f + 41 = -3*r + 64. Calculate v(f).
13
Let d(w) be the second derivative of 8*w**2 + 0 - 39*w + 0*w**3 + 1/12*w**5 + 1/24*w**4 + 1/120*w**6. Let q(x) be the first derivative of d(x). What is q(-5)?
-5
Let j(s) be the first derivative of -3*s**2/2 - 9*s + 1. Let q(c) = -15*c - 21. Let i be q(-4). Suppose 0 = 4*l + 5*y + 49, -i = 3*l + 4*y - 1. Give j(l).
9
Let t(w) be the first derivative of -2*w**2 - w - 1/4*w**4 - 244 - w**3. Give t(-3).
11
Let q(h) = h**2 + 10*h - 11. Let b(s) = -15*s + 143. Let i be b(8). Suppose 0 = -5*y - 3*m - 56, y + 4*m + i = 5. What is q(y)?
-11
Let v(z) = 7*z + 6. Suppose 4*y + 9 = -19. Let m(t) = 22*t + 17. Let l(c) = y*v(c) + 2*m(c). Determine l(-7).
27
Let s(v) = -v**2 - v. Let t(h) be the first derivative of -2*h**3 - 2*h**2 - 3*h + 5. Let f = 308 + -307. Let y(l) = f*s(l) - t(l). Determine y(-2).
17
Let q(r) = 820 - 3270 - 2*r - 6*r**2 + 819 + 821 + 814. Give q(-1).
0
Let g(p) = 6*p**3 + 15*p**2 + 58*p - 11. Let h(x) = x**3 + 3*x**2 + 11*x - 2. Let n(l) = 2*g(l) - 11*h(l). Let v = -9 - -14. What is n(v)?
25
Let d(w) = 7*w**2 + 44*w + 16. Let s(a) = 12*a - 174. Let f be s(14). What is d(f)?
4
Let u(j) = -j - 17. Let c(i) = -10*i + 618. Let o be c(63). What is u(o)?
-5
Let y(z) = -45*z**2 - 126 + 42 + 93*z**2 - 51*z**2 - 84*z. What is y(-27)?
-3
Let k be 1*5 - (-4)/8*-6. Let f be k/9 + (-1098)/(-162). Let g(t) = t**3 - 6*t**2 - 4*t - 3. Determine g(f).
18
Let m be 2/(-5)*285/513 - (-160)/(-9). Let a(k) = k**3 + 19*k**2 + 17*k - 9. What is a(m)?
9
Let h(a) = a**2 - 24*a + 67. Let x be (-5 - -2 - 2) + (-1625)/(-65). Determine h(x).
-13
Let m(t) = 8*t**2 + 26*t - 115. Let c(w) = -11*w**2 - 27*w + 117. Let a(q) = -3*c(q) - 4*m(q). Give a(7).
-3
Let y be (28/(-21))/(1 - (-15)/(-9)). Let o(n) = 69*n**2 - 20*n**2 - 30*n**2 + 1 - 41*n**y. Calculate o(1).
-21
Let q(i) = -5*i**2 - 23*i + 14. Let n be q(-5). Let f(p) = -p - 3 + 1 - n - 1. Determine f(0).
-7
Let f(d) = -36*d**2 - 1512*d - 7. Let i be f(-42). Let m(n) be the first derivative of n**3/3 + 9*n**2/2 - 10*n + 2. Calculate m(i).
-24
Suppose 0 = -4*r + 4*b - 28, -4*r - 1 = 5*b - 0. Let g(t) = -13 + 11*t - 2 + 35 - 18. Determine g(r).
-42
Let w(o) = o**3 + 3*o**2 - 6*o - 5. Suppose 3*v - 73 + 58 = 0. Let l(g) = g**3 - 3*g**2 - 16*g + 26. Let i be l(v). Determine w(i).
3
Let d(c) = -c**3 + 2*c**2 + 2*c - 6. Let z(m) = -3*m**3 - 25*m**2 - 102*m + 50. Let v(k) = -4*d(k) + z(k). Calculate v(36).
2
Let r = -679 + 679. Let k(w) = -1 + 1 - 10 - w**2 + r*w**2 + 8. Determine k(5).
-27
Let x(n) = 13*n**2 + 4*n + 5. Suppose -3*w = 27*